{"id":1151,"date":"2025-02-05T20:31:48","date_gmt":"2025-02-05T23:31:48","guid":{"rendered":"https:\/\/gfcagency.com.ar\/?post_type=product&#038;p=1151"},"modified":"2025-02-07T19:19:58","modified_gmt":"2025-02-07T22:19:58","slug":"descuento-20-plan-cloud-professional-12-meses","status":"publish","type":"product","link":"https:\/\/gfcagency.com.ar\/index.php\/producto\/descuento-20-plan-cloud-professional-12-meses\/","title":{"rendered":"DESCUENTO 20% PLAN CLOUD PROFESSIONAL 12 MESES"},"content":{"rendered":"<h3 id=\"h-cloud-professional\" class=\"wp-block-heading\">Cloud Professional<\/h3>\n<p>Cloud Professional es nuestro plan de hosting en la nube de nivel intermedio. Tiene los recursos necesarios para alimentar grandes sitios web de comercio electr\u00f3nico y proyectos complejos. Es casi lo mejor que podemos ofrecer en cuanto a alojamiento en la nube.<\/p>\n<p>Con Cloud Professional, obtendr\u00e1s todas las funciones de Cloud Startup m\u00e1s varias mejoras. Gracias a nuestra infraestructura personalizada, incluye\u00a0<strong>250 GB\u00a0<\/strong>de<strong>\u00a0<\/strong>almacenamiento SSD,\u00a0<strong>4 n\u00facleos de CPU\u00a0<\/strong>y\u00a0<strong>6 GB\u00a0<\/strong>de<strong>\u00a0<\/strong>RAM.<\/p>\n<h4 id=\"h-para-quien-es-adecuado-el-plan\" class=\"wp-block-heading\">\u00bfPara qui\u00e9n es adecuado el plan?<\/h4>\n<ul class=\"wp-block-list\">\n<li>Grandes tiendas online<\/li>\n<li>Muchos sitios web que consumen muchos recursos<\/li>\n<li>Usuarios de WordPress y otros CMS<\/li>\n<\/ul>\n<h2 id=\"h-por-que-comprar-hosting-en-hostinger\" class=\"wp-block-heading\">\u00bfPor qu\u00e9 comprar hosting en Hostinger?<\/h2>\n<p>Hay miles de proveedores de servicios de hosting web en el mundo, lo que puede dificultar la\u00a0<a href=\"https:\/\/www.hostinger.com.ar\/tutoriales\/como-elegir-un-hosting\" data-wpel-link=\"internal\"><u>elecci\u00f3n de un proveedor de hosting web<\/u><\/a>. Hostinger destaca debido a sus m\u00faltiples ventajas, incluyendo:<\/p>\n<ul class=\"wp-block-list\">\n<li><strong>Soporte 24\/7.\u00a0<\/strong>Los usuarios pueden contactar al equipo de \u00c9xito del Cliente de Hostinger en cualquier momento, ya sea por email o chat en directo.<\/li>\n<li><strong>Alto rendimiento.\u00a0<\/strong>Hostinger tiene varios centros de datos a nivel mundial y usa servidores web LiteSpeed para asegurar un rendimiento \u00f3ptimo y un tiempo de carga veloz.<\/li>\n<li><strong>Confiabilidad.\u00a0<\/strong>El servicio de hosting web de Hostinger tiene una garant\u00eda de tiempo de actividad del 99,9 % y usa almacenamiento de estado s\u00f3lido (SSD), que es\u00a0<a href=\"https:\/\/www.zdnet.com\/article\/are-ssds-more-reliable-than-hdds-this-research-may-have-the-answer\/\" target=\"_blank\" rel=\"noreferrer noopener nofollow external\" data-wpel-link=\"external\"><u>m\u00e1s duradero que las unidades de disco duro tradicionales<\/u><\/a>.<\/li>\n<li><strong>Servicios gratuitos<\/strong>. La mayor\u00eda de los planes de hosting web en Hostinger vienen con un dominio gratis, una direcci\u00f3n de email personalizada y un certificado de capa de sockets seguros (SSL) ilimitado.<\/li>\n<li><strong>Garant\u00eda de devoluci\u00f3n de dinero<\/strong>. Prueba los planes de Hostinger sin riesgos.<\/li>\n<\/ul>\n","protected":false},"excerpt":{"rendered":"<p>El\u00a0<a href=\"https:\/\/www.hostinger.com.ar\/cloud-hosting\" data-wpel-link=\"internal\">Cloud Hosting<\/a> dispone de m\u00e1s recursos de una red de servidores para garantizar el m\u00e1ximo rendimiento y tiempo de actividad. Con este paquete, no compartir\u00e1s recursos con los sitios web de otros usuarios. Los recursos que obtienes con el\u00a0<a href=\"https:\/\/www.hostinger.com.ar\/tutoriales\/que-es-cloud-hosting\" data-wpel-link=\"internal\">alojamiento en la nube<\/a> son comparables a los de un servidor privado virtual (VPS). Pero, a diferencia del VPS, no necesitas conocimientos t\u00e9cnicos para gestionar este tipo de hosting. Configurar y gestionar el Cloud Hosting es tan f\u00e1cil como el hosting web tradicional.<\/p>\n","protected":false},"featured_media":1190,"comment_status":"open","ping_status":"closed","template":"","meta":{"site-sidebar-layout":"default","site-content-layout":"","ast-site-content-layout":"default","site-content-style":"default","site-sidebar-style":"default","ast-global-header-display":"","ast-banner-title-visibility":"","ast-main-header-display":"","ast-hfb-above-header-display":"","ast-hfb-below-header-display":"","ast-hfb-mobile-header-display":"","site-post-title":"","ast-breadcrumbs-content":"","ast-featured-img":"","footer-sml-layout":"","ast-disable-related-posts":"","theme-transparent-header-meta":"default","adv-header-id-meta":"","stick-header-meta":"default","header-above-stick-meta":"","header-main-stick-meta":"","header-below-stick-meta":"","astra-migrate-meta-layouts":"set","ast-page-background-enabled":"default","ast-page-background-meta":{"desktop":{"background-color":"var(--ast-global-color-4)","background-image":"","background-repeat":"repeat","background-position":"center center","background-size":"auto","background-attachment":"scroll","background-type":"","background-media":"","overlay-type":"","overlay-color":"","overlay-opacity":"","overlay-gradient":""},"tablet":{"background-color":"","background-image":"","background-repeat":"repeat","background-position":"center center","background-size":"auto","background-attachment":"scroll","background-type":"","background-media":"","overlay-type":"","overlay-color":"","overlay-opacity":"","overlay-gradient":""},"mobile":{"background-color":"","background-image":"","background-repeat":"repeat","background-position":"center center","background-size":"auto","background-attachment":"scroll","background-type":"","background-media":"","overlay-type":"","overlay-color":"","overlay-opacity":"","overlay-gradient":""}},"ast-content-background-meta":{"desktop":{"background-color":"var(--ast-global-color-5)","background-image":"","background-repeat":"repeat","background-position":"center center","background-size":"auto","background-attachment":"scroll","background-type":"","background-media":"","overlay-type":"","overlay-color":"","overlay-opacity":"","overlay-gradient":""},"tablet":{"background-color":"var(--ast-global-color-5)","background-image":"","background-repeat":"repeat","background-position":"center center","background-size":"auto","background-attachment":"scroll","background-type":"","background-media":"","overlay-type":"","overlay-color":"","overlay-opacity":"","overlay-gradient":""},"mobile":{"background-color":"var(--ast-global-color-5)","background-image":"","background-repeat":"repeat","background-position":"center center","background-size":"auto","background-attachment":"scroll","background-type":"","background-media":"","overlay-type":"","overlay-color":"","overlay-opacity":"","overlay-gradient":""}}},"product_brand":[],"product_cat":[29,22],"product_tag":[],"class_list":{"0":"post-1151","1":"product","2":"type-product","3":"status-publish","4":"has-post-thumbnail","6":"product_cat-cloud-hosting","7":"product_cat-hosting","8":"desktop-align-left","9":"tablet-align-left","10":"mobile-align-left","11":"ast-product-gallery-layout-horizontal-slider","12":"ast-product-tabs-layout-horizontal","14":"first","15":"instock","16":"shipping-taxable","17":"product-type-external"},"yoast_head":"<!-- This site is optimized with the Yoast SEO plugin v26.9 - https:\/\/yoast.com\/product\/yoast-seo-wordpress\/ -->\n<title>DESCUENTO 20% PLAN CLOUD PROFESSIONAL 12 MESES -<\/title>\n<meta name=\"robots\" content=\"index, follow, max-snippet:-1, max-image-preview:large, max-video-preview:-1\" \/>\n<link rel=\"canonical\" href=\"https:\/\/gfcagency.com.ar\/index.php\/producto\/descuento-20-plan-cloud-professional-12-meses\/\" \/>\n<meta property=\"og:locale\" content=\"es_ES\" \/>\n<meta property=\"og:type\" content=\"article\" \/>\n<meta property=\"og:title\" content=\"DESCUENTO 20% PLAN CLOUD PROFESSIONAL 12 MESES -\" \/>\n<meta property=\"og:description\" content=\"El\u00a0Cloud Hosting dispone de m\u00e1s recursos de una red de servidores para garantizar el m\u00e1ximo rendimiento y tiempo de actividad. Con este paquete, no compartir\u00e1s recursos con los sitios web de otros usuarios. Los recursos que obtienes con el\u00a0alojamiento en la nube son comparables a los de un servidor privado virtual (VPS). Pero, a diferencia del VPS, no necesitas conocimientos t\u00e9cnicos para gestionar este tipo de hosting. Configurar y gestionar el Cloud Hosting es tan f\u00e1cil como el hosting web tradicional.\" \/>\n<meta property=\"og:url\" content=\"https:\/\/gfcagency.com.ar\/index.php\/producto\/descuento-20-plan-cloud-professional-12-meses\/\" \/>\n<meta property=\"article:modified_time\" content=\"2025-02-07T22:19:58+00:00\" \/>\n<meta property=\"og:image\" content=\"https:\/\/gfcagency.com.ar\/wp-content\/uploads\/2025\/02\/CLOUD-PROFESSIONAL-12-MESES-e1738966757848.png\" \/>\n\t<meta property=\"og:image:width\" content=\"600\" \/>\n\t<meta property=\"og:image:height\" content=\"349\" \/>\n\t<meta property=\"og:image:type\" content=\"image\/png\" \/>\n<meta name=\"twitter:card\" content=\"summary_large_image\" \/>\n<meta name=\"twitter:label1\" content=\"Tiempo de lectura\" \/>\n\t<meta name=\"twitter:data1\" content=\"2 minutos\" \/>\n<script type=\"application\/ld+json\" class=\"yoast-schema-graph\">{\"@context\":\"https:\/\/schema.org\",\"@graph\":[{\"@type\":\"WebPage\",\"@id\":\"https:\/\/gfcagency.com.ar\/index.php\/producto\/descuento-20-plan-cloud-professional-12-meses\/\",\"url\":\"https:\/\/gfcagency.com.ar\/index.php\/producto\/descuento-20-plan-cloud-professional-12-meses\/\",\"name\":\"DESCUENTO 20% PLAN CLOUD PROFESSIONAL 12 MESES -\",\"isPartOf\":{\"@id\":\"https:\/\/gfcagency.com.ar\/#website\"},\"primaryImageOfPage\":{\"@id\":\"https:\/\/gfcagency.com.ar\/index.php\/producto\/descuento-20-plan-cloud-professional-12-meses\/#primaryimage\"},\"image\":{\"@id\":\"https:\/\/gfcagency.com.ar\/index.php\/producto\/descuento-20-plan-cloud-professional-12-meses\/#primaryimage\"},\"thumbnailUrl\":\"https:\/\/gfcagency.com.ar\/wp-content\/uploads\/2025\/02\/CLOUD-PROFESSIONAL-12-MESES-e1738966757848.png\",\"datePublished\":\"2025-02-05T23:31:48+00:00\",\"dateModified\":\"2025-02-07T22:19:58+00:00\",\"breadcrumb\":{\"@id\":\"https:\/\/gfcagency.com.ar\/index.php\/producto\/descuento-20-plan-cloud-professional-12-meses\/#breadcrumb\"},\"inLanguage\":\"es-AR\",\"potentialAction\":[{\"@type\":\"ReadAction\",\"target\":[\"https:\/\/gfcagency.com.ar\/index.php\/producto\/descuento-20-plan-cloud-professional-12-meses\/\"]}]},{\"@type\":\"ImageObject\",\"inLanguage\":\"es-AR\",\"@id\":\"https:\/\/gfcagency.com.ar\/index.php\/producto\/descuento-20-plan-cloud-professional-12-meses\/#primaryimage\",\"url\":\"https:\/\/gfcagency.com.ar\/wp-content\/uploads\/2025\/02\/CLOUD-PROFESSIONAL-12-MESES-e1738966757848.png\",\"contentUrl\":\"https:\/\/gfcagency.com.ar\/wp-content\/uploads\/2025\/02\/CLOUD-PROFESSIONAL-12-MESES-e1738966757848.png\",\"width\":600,\"height\":349},{\"@type\":\"BreadcrumbList\",\"@id\":\"https:\/\/gfcagency.com.ar\/index.php\/producto\/descuento-20-plan-cloud-professional-12-meses\/#breadcrumb\",\"itemListElement\":[{\"@type\":\"ListItem\",\"position\":1,\"name\":\"Inicio\",\"item\":\"https:\/\/gfcagency.com.ar\/\"},{\"@type\":\"ListItem\",\"position\":2,\"name\":\"Tienda\",\"item\":\"https:\/\/gfcagency.com.ar\/?page_id=764\"},{\"@type\":\"ListItem\",\"position\":3,\"name\":\"DESCUENTO 20% PLAN CLOUD PROFESSIONAL 12 MESES\"}]},{\"@type\":\"WebSite\",\"@id\":\"https:\/\/gfcagency.com.ar\/#website\",\"url\":\"https:\/\/gfcagency.com.ar\/\",\"name\":\"https:\/\/gfcagency.com.ar\/\",\"description\":\"E-Commerce y Marketing Digital\",\"publisher\":{\"@id\":\"https:\/\/gfcagency.com.ar\/#organization\"},\"potentialAction\":[{\"@type\":\"SearchAction\",\"target\":{\"@type\":\"EntryPoint\",\"urlTemplate\":\"https:\/\/gfcagency.com.ar\/?s={search_term_string}\"},\"query-input\":{\"@type\":\"PropertyValueSpecification\",\"valueRequired\":true,\"valueName\":\"search_term_string\"}}],\"inLanguage\":\"es-AR\"},{\"@type\":\"Organization\",\"@id\":\"https:\/\/gfcagency.com.ar\/#organization\",\"name\":\"gfc agency\",\"url\":\"https:\/\/gfcagency.com.ar\/\",\"logo\":{\"@type\":\"ImageObject\",\"inLanguage\":\"es-AR\",\"@id\":\"https:\/\/gfcagency.com.ar\/#\/schema\/logo\/image\/\",\"url\":\"https:\/\/gfcagency.com.ar\/wp-content\/uploads\/2022\/05\/horizontal_on_white_by_logaster_CFG.png\",\"contentUrl\":\"https:\/\/gfcagency.com.ar\/wp-content\/uploads\/2022\/05\/horizontal_on_white_by_logaster_CFG.png\",\"width\":330,\"height\":150,\"caption\":\"gfc agency\"},\"image\":{\"@id\":\"https:\/\/gfcagency.com.ar\/#\/schema\/logo\/image\/\"}}]}<\/script>\n<!-- \/ Yoast SEO plugin. -->","yoast_head_json":{"title":"DESCUENTO 20% PLAN CLOUD PROFESSIONAL 12 MESES -","robots":{"index":"index","follow":"follow","max-snippet":"max-snippet:-1","max-image-preview":"max-image-preview:large","max-video-preview":"max-video-preview:-1"},"canonical":"https:\/\/gfcagency.com.ar\/index.php\/producto\/descuento-20-plan-cloud-professional-12-meses\/","og_locale":"es_ES","og_type":"article","og_title":"DESCUENTO 20% PLAN CLOUD PROFESSIONAL 12 MESES -","og_description":"El\u00a0Cloud Hosting dispone de m\u00e1s recursos de una red de servidores para garantizar el m\u00e1ximo rendimiento y tiempo de actividad. Con este paquete, no compartir\u00e1s recursos con los sitios web de otros usuarios. Los recursos que obtienes con el\u00a0alojamiento en la nube son comparables a los de un servidor privado virtual (VPS). Pero, a diferencia del VPS, no necesitas conocimientos t\u00e9cnicos para gestionar este tipo de hosting. Configurar y gestionar el Cloud Hosting es tan f\u00e1cil como el hosting web tradicional.","og_url":"https:\/\/gfcagency.com.ar\/index.php\/producto\/descuento-20-plan-cloud-professional-12-meses\/","article_modified_time":"2025-02-07T22:19:58+00:00","og_image":[{"width":600,"height":349,"url":"https:\/\/gfcagency.com.ar\/wp-content\/uploads\/2025\/02\/CLOUD-PROFESSIONAL-12-MESES-e1738966757848.png","type":"image\/png"}],"twitter_card":"summary_large_image","twitter_misc":{"Tiempo de lectura":"2 minutos"},"schema":{"@context":"https:\/\/schema.org","@graph":[{"@type":"WebPage","@id":"https:\/\/gfcagency.com.ar\/index.php\/producto\/descuento-20-plan-cloud-professional-12-meses\/","url":"https:\/\/gfcagency.com.ar\/index.php\/producto\/descuento-20-plan-cloud-professional-12-meses\/","name":"DESCUENTO 20% PLAN CLOUD PROFESSIONAL 12 MESES -","isPartOf":{"@id":"https:\/\/gfcagency.com.ar\/#website"},"primaryImageOfPage":{"@id":"https:\/\/gfcagency.com.ar\/index.php\/producto\/descuento-20-plan-cloud-professional-12-meses\/#primaryimage"},"image":{"@id":"https:\/\/gfcagency.com.ar\/index.php\/producto\/descuento-20-plan-cloud-professional-12-meses\/#primaryimage"},"thumbnailUrl":"https:\/\/gfcagency.com.ar\/wp-content\/uploads\/2025\/02\/CLOUD-PROFESSIONAL-12-MESES-e1738966757848.png","datePublished":"2025-02-05T23:31:48+00:00","dateModified":"2025-02-07T22:19:58+00:00","breadcrumb":{"@id":"https:\/\/gfcagency.com.ar\/index.php\/producto\/descuento-20-plan-cloud-professional-12-meses\/#breadcrumb"},"inLanguage":"es-AR","potentialAction":[{"@type":"ReadAction","target":["https:\/\/gfcagency.com.ar\/index.php\/producto\/descuento-20-plan-cloud-professional-12-meses\/"]}]},{"@type":"ImageObject","inLanguage":"es-AR","@id":"https:\/\/gfcagency.com.ar\/index.php\/producto\/descuento-20-plan-cloud-professional-12-meses\/#primaryimage","url":"https:\/\/gfcagency.com.ar\/wp-content\/uploads\/2025\/02\/CLOUD-PROFESSIONAL-12-MESES-e1738966757848.png","contentUrl":"https:\/\/gfcagency.com.ar\/wp-content\/uploads\/2025\/02\/CLOUD-PROFESSIONAL-12-MESES-e1738966757848.png","width":600,"height":349},{"@type":"BreadcrumbList","@id":"https:\/\/gfcagency.com.ar\/index.php\/producto\/descuento-20-plan-cloud-professional-12-meses\/#breadcrumb","itemListElement":[{"@type":"ListItem","position":1,"name":"Inicio","item":"https:\/\/gfcagency.com.ar\/"},{"@type":"ListItem","position":2,"name":"Tienda","item":"https:\/\/gfcagency.com.ar\/?page_id=764"},{"@type":"ListItem","position":3,"name":"DESCUENTO 20% PLAN CLOUD PROFESSIONAL 12 MESES"}]},{"@type":"WebSite","@id":"https:\/\/gfcagency.com.ar\/#website","url":"https:\/\/gfcagency.com.ar\/","name":"https:\/\/gfcagency.com.ar\/","description":"E-Commerce y Marketing Digital","publisher":{"@id":"https:\/\/gfcagency.com.ar\/#organization"},"potentialAction":[{"@type":"SearchAction","target":{"@type":"EntryPoint","urlTemplate":"https:\/\/gfcagency.com.ar\/?s={search_term_string}"},"query-input":{"@type":"PropertyValueSpecification","valueRequired":true,"valueName":"search_term_string"}}],"inLanguage":"es-AR"},{"@type":"Organization","@id":"https:\/\/gfcagency.com.ar\/#organization","name":"gfc agency","url":"https:\/\/gfcagency.com.ar\/","logo":{"@type":"ImageObject","inLanguage":"es-AR","@id":"https:\/\/gfcagency.com.ar\/#\/schema\/logo\/image\/","url":"https:\/\/gfcagency.com.ar\/wp-content\/uploads\/2022\/05\/horizontal_on_white_by_logaster_CFG.png","contentUrl":"https:\/\/gfcagency.com.ar\/wp-content\/uploads\/2022\/05\/horizontal_on_white_by_logaster_CFG.png","width":330,"height":150,"caption":"gfc agency"},"image":{"@id":"https:\/\/gfcagency.com.ar\/#\/schema\/logo\/image\/"}}]}},"_links":{"self":[{"href":"https:\/\/gfcagency.com.ar\/index.php\/wp-json\/wp\/v2\/product\/1151","targetHints":{"allow":["GET"]}}],"collection":[{"href":"https:\/\/gfcagency.com.ar\/index.php\/wp-json\/wp\/v2\/product"}],"about":[{"href":"https:\/\/gfcagency.com.ar\/index.php\/wp-json\/wp\/v2\/types\/product"}],"replies":[{"embeddable":true,"href":"https:\/\/gfcagency.com.ar\/index.php\/wp-json\/wp\/v2\/comments?post=1151"}],"wp:featuredmedia":[{"embeddable":true,"href":"https:\/\/gfcagency.com.ar\/index.php\/wp-json\/wp\/v2\/media\/1190"}],"wp:attachment":[{"href":"https:\/\/gfcagency.com.ar\/index.php\/wp-json\/wp\/v2\/media?parent=1151"}],"wp:term":[{"taxonomy":"product_brand","embeddable":true,"href":"https:\/\/gfcagency.com.ar\/index.php\/wp-json\/wp\/v2\/product_brand?post=1151"},{"taxonomy":"product_cat","embeddable":true,"href":"https:\/\/gfcagency.com.ar\/index.php\/wp-json\/wp\/v2\/product_cat?post=1151"},{"taxonomy":"product_tag","embeddable":true,"href":"https:\/\/gfcagency.com.ar\/index.php\/wp-json\/wp\/v2\/product_tag?post=1151"}],"curies":[{"name":"wp","href":"https:\/\/api.w.org\/{rel}","templated":true}]}}